{"id":241,"date":"2017-04-21T19:42:29","date_gmt":"2017-04-21T19:42:29","guid":{"rendered":"http:\/\/terrier.ee\/?page_id=241"},"modified":"2017-04-21T20:09:14","modified_gmt":"2017-04-21T20:09:14","slug":"35-erinaitus","status":"publish","type":"page","link":"https:\/\/terrier.ee\/index.php\/35-erinaitus\/","title":{"rendered":"35. ERIN\u00c4ITUS"},"content":{"rendered":"<h2 style=\"text-align: left;\"><a href=\"http:\/\/online.kennelliit.ee\/show\/show.php?mode=full&amp;lang=0&amp;show=229&amp;g=3\">T\u00c4ISTULEMUSED<\/a><\/h2>\n<p>&nbsp;<\/p>\n<p style=\"text-align: center;\"><strong>BEST IN SHOW<br \/>\nKohtunik \/ Judge: Mrs. Laura Cox, Iirimaa<\/strong><\/p>\n<p style=\"text-align: center;\"><strong>1.<span style=\"color: #ff0000;\">Bullterjer &#8211; DOYOUKNOWWHATIMEAN<\/span>, om. Anne Eriksson &amp; Janne Ahvenainen, Soome<\/strong><br \/>\n<strong>2. <span style=\"color: #ff0000;\">Must Terjer &#8211; DGENIFER BEL MAGNUM FORCE<\/span>, om. Julia &amp; Mihhail Knut, Eesti<\/strong><br \/>\n<strong>3. <span style=\"color: #ff0000;\">Welshi Terjer &#8211; SHAIREAB`S BAYLEIGH TICKET TO RIDE<\/span>, om. Anu-Sirje Keerd, Eesti<\/strong><br \/>\n<strong>4. <span style=\"color: #ff0000;\">Austraalia Terjer &#8211; BLUEPEPPER`S DANCING SQUIRREL,<\/span> om. Marjo Ahola, Soome<\/strong><\/p>\n<p style=\"text-align: center;\"><strong>BEST IN SHOW BABY<br \/>\nKohtunik \/ Judge: Mr. Heinz Watschinger, Austria<\/strong><\/p>\n<p style=\"text-align: center;\"><strong>1.<span style=\"color: #ff0000;\">K\u00e4\u00e4bus bullterjer &#8211; LET`S GO POTSU DE NOTSU EOS TANAGRO<\/span>S, om. Margot Oder, Eesti<\/strong><br \/>\n<strong> 2. <span style=\"color: #ff0000;\">Fox Terjer, karmikarvaline &#8211; WESTLAND ACORN&#8217;S GINERVA<\/span>, om. Kaja Lillemets, Eesti<\/strong><br \/>\n<strong> 3. <span style=\"color: #ff0000;\">Dandie Diamont`i terjer &#8211; TRINZY CREME DE LA CREME<\/span>, om. Leena Hurt, Rootsi<\/strong><br \/>\n<strong> 4. <span style=\"color: #ff0000;\">Ameerika Staffordshire`i terjer &#8211; LEONLY STAFF&#8217;S BLACK EYED SUSAN<\/span>, om. Merlyn Kallaste, Eesti<\/strong><\/p>\n<p style=\"text-align: center;\"><strong>BEST IN SHOW PUPPY<br \/>\nKohtunik \/ Judge: \u00a0Mr. Gerard Cox, Iirimaa<\/strong><\/p>\n<p style=\"text-align: center;\"><strong>1.<span style=\"color: #ff0000;\">Jack Russel`i terjer &#8211; JACKANDFISH 6 DEGREES<\/span>, om. Riitta Ajanto, Aletta Yli-Alho, Daisy Yli-Alho, Soome<\/strong><br \/>\n<strong> 2. <span style=\"color: #ff0000;\">Austraalia terjer &#8211; ARMIRELLI TOO HOT TO HANDLE<\/span>, om. Anne-Lii Sild, Eesti<\/strong><br \/>\n<strong> 3. <span style=\"color: #ff0000;\">Airedale`i terjer &#8211; KATHERINA&#8217;S LAND UNION JACK<\/span>, om. Jekaterina Kantijevskaja, Eesti<\/strong><\/p>\n<p style=\"text-align: center;\"><strong>BEST IN SHOW JUNIOR<br \/>\nKohtunik \/ Judge: \u00a0Mr. Gerard Cox, Iirimaa<\/strong><\/p>\n<p style=\"text-align: center;\"><strong>1. <span style=\"color: #ff0000;\">Must terjer &#8211; DGENIFER BEL MAGNUM FORCE<\/span>, om. Julia ja Mihhail Knut, Eesti<br \/>\n<\/strong><strong>2. <span style=\"color: #ff0000;\">Fox terjer, siledakarvaline &#8211; ZETAMAZ BLACK ICE<\/span>, om. Tuija Kolehmainen, Soome<br \/>\n<\/strong><strong>3. <span style=\"color: #ff0000;\">Austraalia terjer &#8211; ARMIRELLI IN GOOD HANDS<\/span>, om. Anne-Lii Sild ja Rita Annus, Eesti<br \/>\n<\/strong><strong>4. <span style=\"color: #ff0000;\">West Highlandi terjer &#8211; PASTORALE NOVA ZOE MUFFIN<\/span>, om. Elmira Minechanova ja Rasa Bendoraityte, Leedu<\/strong><\/p>\n<p style=\"text-align: center;\"><strong>BEST IN SHOW VETERAN<\/strong><br \/>\n<strong>Kohtunik \/ Judge: Mr Heinz Watschinger, Austria<\/strong><\/p>\n<p style=\"text-align: center;\"><strong>1.<span style=\"color: #ff0000;\">Shoti terjer &#8211; HOCLINE&#8217;S OBVIOUSLY SCOTTISH<\/span>, om. Kerttu Rahe, Eesti<\/strong><br \/>\n<strong>2. <span style=\"color: #ff0000;\">Norwich`i terjer &#8211; PHOENIX EMPEROR DESHIMA DONA SOL<\/span>, om. Siiri Ernesaks ja Raimo Kapper, Eesti<\/strong><br \/>\n<strong>3. <span style=\"color: #ff0000;\">Austraalia terjer &#8211; BLUEPEPPER&#8217;S MAYOR<\/span>, om. Marjo Ahola, Soome<\/strong><br \/>\n<strong>4.<span style=\"color: #ff0000;\"> Fox terjer, karmikarvaline &#8211; STROZZAVOLPE HAPPY HOUR<\/span>, om. Erna Sundstr\u00f6m, Soome<\/strong><\/p>\n<p style=\"text-align: center;\"><strong>BEST IN SHOW BREEDER<br \/>\nKohtunik \/ Judge: Mr Heinz Watschinger, Austria<\/strong><\/p>\n<p style=\"text-align: center;\"><strong>1.<span style=\"color: #ff0000;\">Manchester`i terjer &#8211; RUSKA-AHON<\/span>, om. Kristiina Tiainen, Soome<br \/>\n<\/strong><strong>2. <span style=\"color: #ff0000;\">Austraalia terjer &#8211; BLUEPEPPER&#8217;S,<\/span> om. Marjo Ahola, Soome<br \/>\n<\/strong><strong>3. <span style=\"color: #ff0000;\">Austraalia siiditerjer<\/span> &#8211; VOLITANS, om. Oksana Bitjutskih, Eesti<\/strong><\/p>\n<p style=\"text-align: center;\"><strong>BEST IN SHOW PROGENY<br \/>\nKohtunik \/ Judge: Mr. Heinz Watschinger, Austria<\/strong><\/p>\n<p style=\"text-align: center;\"><strong><span style=\"color: #ff0000;\">Austraalia terjer &#8211; ARMIRELLI ABOUT TRUTH<\/span>, om. Maria Teng, Eesti<\/strong><\/p>\n<p style=\"text-align: center;\"><strong>BEST IN SHOW PAIR<br \/>\nKohtunik \/ Judge: Mr. Gerard Cox, Iirimaa<\/strong><\/p>\n<p style=\"text-align: center;\"><strong><br \/>\n<\/strong><strong>1.<span style=\"color: #ff0000;\">\u0160oti terjer &#8211; FIONN&#8217;S CHAMPAGNE FOR CHAMPION &amp; HOCLINE&#8217;S OBVIOUSLY SCOTTISH<\/span>, om. Kerttu Rahe, Eesti<br \/>\n<\/strong><strong>2.<span style=\"color: #ff0000;\">Fox terjer, karmikarvaline &#8211; DANDIEPRAID DELAGARDIE &amp; DANDIEPRAID ETOILE<\/span>, om. Natalja ja Svetlana Volkova, Eesti<br \/>\n<\/strong><strong>3. <span style=\"color: #ff0000;\">Manchesteri terjer &#8211; RUSKA-AHON VOI HERTTINEN SENT\u00c4\u00c4 &amp; RUSKA-AHON VOI PYH\u00c4 SYLVI<\/span>, om. Kristiina Tiainen, Soome<br \/>\n<\/strong><strong>4. <span style=\"color: #ff0000;\">Austraalia siiditerjer &#8211; VOLITANS KISS BY CROYANCE &amp; VOLITANS KINDLY BY CURIOSITY<\/span>, om. Oksana Bitjutskih, Eesti<\/strong><\/p>\n","protected":false},"excerpt":{"rendered":"<p>T\u00c4ISTULEMUSED &nbsp; BEST IN SHOW Kohtunik \/ Judge: Mrs. Laura Cox, Iirimaa 1.Bullterjer &#8211; DOYOUKNOWWHATIMEAN, om. Anne Eriksson &amp; Janne Ahvenainen, Soome 2. Must Terjer &#8211; DGENIFER BEL MAGNUM FORCE, om. Julia &amp; Mihhail Knut, Eesti 3. Welshi Terjer &#8211; SHAIREAB`S BAYLEIGH TICKET TO RIDE, om. Anu-Sirje Keerd, Eesti 4. Austraalia Terjer &#8211; BLUEPEPPER`S DANCING <a class=\"read-more\" href=\"https:\/\/terrier.ee\/index.php\/35-erinaitus\/\">Read More<\/a><\/p>\n","protected":false},"author":1,"featured_media":0,"parent":0,"menu_order":0,"comment_status":"closed","ping_status":"closed","template":"template-full-width.php","meta":{"footnotes":""},"class_list":["post-241","page","type-page","status-publish","hentry"],"_links":{"self":[{"href":"https:\/\/terrier.ee\/index.php\/wp-json\/wp\/v2\/pages\/241"}],"collection":[{"href":"https:\/\/terrier.ee\/index.php\/wp-json\/wp\/v2\/pages"}],"about":[{"href":"https:\/\/terrier.ee\/index.php\/wp-json\/wp\/v2\/types\/page"}],"author":[{"embeddable":true,"href":"https:\/\/terrier.ee\/index.php\/wp-json\/wp\/v2\/users\/1"}],"replies":[{"embeddable":true,"href":"https:\/\/terrier.ee\/index.php\/wp-json\/wp\/v2\/comments?post=241"}],"version-history":[{"count":5,"href":"https:\/\/terrier.ee\/index.php\/wp-json\/wp\/v2\/pages\/241\/revisions"}],"predecessor-version":[{"id":247,"href":"https:\/\/terrier.ee\/index.php\/wp-json\/wp\/v2\/pages\/241\/revisions\/247"}],"wp:attachment":[{"href":"https:\/\/terrier.ee\/index.php\/wp-json\/wp\/v2\/media?parent=241"}],"curies":[{"name":"wp","href":"https:\/\/api.w.org\/{rel}","templated":true}]}}